14) to base 12.
-31
Convert 2420 (base 5) to base 12.
260
6 (base 10) to base 6
10
Convert -1a (base 13) to base 11.
-21
Convert -6b (base 15) to base 3.
-10202
What is 3 (base 7) in base 13?
3
-c (base 14) to base 15
-c
Convert -200 (base 3) to base 8.
-22
4 (base 13) to base 10
4
-4 (base 14) to base 5
-4
2 (base 5) to base 16
2
-a (base 13) to base 7
-13
What is 2000 (base 4) in base 8?
200
What is -1120 (base 3) in base 8?
-52
What is 0 (base 11) in base 14?
0
-2 (base 7) to base 15
-2
What is -4 (base 9) in base 15?
-4
-11 (base 6) to base 3
-21
Convert 4 (base 8) to base 16.
4
What is -14 (base 14) in base 6?
-30
-11 (base 12) to base 6
-21
Convert 0 (base 9) to base 15.
0
Convert -10 (base 14) to base 6.
-22
What is -10 (base 7) in base 9?
-7
-3 (base 8) to base 13
-3
Convert -3 (base 6) to base 9.
-3
-18 (base 11) to base 8
-23
3 (base 8) to base 15
3
Convert -110 (base 7) to base 12.
-48
Convert -62 (base 14) to base 7.
-152
Convert 1332 (base 4) to base 11.
105
Convert -14 (base 7) to base 15.
-b
-1a (base 15) to base 9
-27
-28 (base 12) to base 9
-35
-1a (base 14) to base 16
-18
Convert -3 (base 15) to base 14.
-3
What is 2 (base 6) in base 4?
2
What is 38 (base 11) in base 2?
101001
Convert 2 (base 4) to base 12.
2
What is -231 (base 4) in base 13?
-36
3 (base 7) to base 11
3
What is 19 (base 14) in base 4?
113
0 (base 8) to base 3
0
10 (base 16) to base 3
121
0 (base 9) to base 7
0
16 (base 7) to base 3
111
What is -b (base 13) in base 5?
-21
1031 (base 4) to base 13
5c
What is -6 (base 10) in base 9?
-6
What is -51 (base 8) in base 14?
-2d
Convert -30 (base 5) to base 7.
-21
What is 24a (base 13) in base 14?
208
Convert 3221 (base 4) to base 8.
351
1 (base 4) to base 10
1
Convert 2 (base 3) to base 8.
2
-2 (base 3) to base 11
-2
6 (base 14) to base 7
6
Convert -4 (base 8) to base 7.
-4
What is 1021 (base 3) in base 8?
42
Convert -47 (base 8) to base 11.
-36
-1 (base 11) to base 6
-1
-2c (base 13) to base 2
-100110
1 (base 16) to base 14
1
Convert 5 (base 9) to base 16.
5
302 (base 4) to base 3
1212
What is 2 (base 6) in base 15?
2
Convert 0 (base 2) to base 13.
0
What is -a (base 13) in base 6?
-14
What is 10010 (base 2) in base 11?
17
What is 4 (base 13) in base 11?
4
1 (base 3) to base 16
1
What is 5 (base 8) in base 15?
5
What is 2 (base 6) in base 16?
2
What is de (base 16) in base 15?
ec
Convert 3 (base 12) to base 6.
3
25 (base 13) to base 9
34
Convert 1 (base 8) to base 4.
1
What is 3 (base 13) in base 4?
3
-410 (base 5) to base 11
-96
What is -100 (base 6) in base 9?
-40
What is -20 (base 6) in base 5?
-22
Convert 102 (base 5) to base 12.
23
-9 (base 13) to base 11
-9
What is 201 (base 8) in base 7?
243
130 (base 4) to base 14
20
0 (base 13) to base 9
0
0 (base 6) to base 16
0
Convert 1000 (base 2) to base 4.
20
Convert 102 (base 3) to base 2.
1011
What is -1100 (base 3) in base 8?
-44
0 (base 16) to base 13
0
What is -25 (base 10) in base 5?
-100
0 (base 11) to base 6
0
Convert -6 (base 13) to base 4.
-12
143 (base 5) to base 11
44
Convert -1 (base 3) to base 16.
-1
What is 11 (base 4) in base 11?
5
What is -100 (base 3) in base 9?
-10
3 (base 6) to base 15
3
What is -1 (base 3) in base 2?
-1
2110 (base 4) to base 6
404
Convert -105 (base 6) to base 16.
-29
What is -72 (base 12) in base 14?
-62
-111 (base 2) to base 15
-7
Convert 11 (base 3) to base 11.
4
Convert -45 (base 15) to base 14.
-49
21 (base 5) to base 11
10
What is 6 (base 15) in base 8?
6
What is 23 (base 11) in base 14?
1b
What is -160 (base 10) in base 11?
-136
-225 (base 11) to base 12
-1a5
What is 1 (base 4) in base 12?
1
Convert 1 (base 8) to base 15.
1
4c (base 13) to base 3
2101
Convert -104 (base 7) to base 16.
-35
Convert 10200 (base 4) to base 6.
1200
What is -12 (base 12) in base 11?
-13
What is -1 (base 6) in base 10?
-1
1013 (base 5) to base 12
b1
Convert -10 (base 3) to base 15.
-3
-11111011 (base 2) to base 14
-13d
3b (base 12) to base 6
115
Convert 7 (base 10) to base 4.
13
Convert -3 (base 9) to base 13.
-3
-325 (base 7) to base 12
-11a
What is -27 (base 9) in base 11?
-23
Convert -37 (base 13) to base 2.
-101110
213 (base 5) to base 4
322
What is 1121 (base 3) in base 6?
111
243 (base 5) to base 6
201
1e (base 15) to base 8
35
Convert 2 (base 5) to base 10.
2
What is -4 (base 9) in base 7?
-4
What is 356 (base 7) in base 14?
d6
Convert -1 (base 8) to base 12.
-1
-a2 (base 12) to base 14
-8a
Convert 33 (base 10) to base 2.
100001
What is 3 (base 13) in base 15?
3
1 (base 3) to base 11
1
What is -5 (base 6) in base 5?
-10
Convert -3b (base 16) to base 6.
-135
What is 12 (base 7) in base 10?
9
116 (base 10) to base 9
138
-3 (base 5) to base 15
-3
Convert -1110 (base 2) to base 12.
-12
What is 10 (base 4) in base 3?
11
What is -21 (base 3) in base 2?
-111
Convert 7 (base 8) to base 5.
12
1 (base 10) to base 8
1
What is -19 (base 13) in base 5?
-42
What is -3 (base 4) in base 14?
-3
Convert 13 (base 7) to base 12.
a
Convert 1 (base 8) to base 11.
1
-12 (base 4) to base 7
-6
Convert -121 (base 4) to base 9.
-27
32 (base 10) to base 7
44
-202 (base 7) to base 12
-84
-110011 (base 2) to base 6
-123
Convert 4 (base 13) to base 10.
4
4 (base 13) to base 11
4
Convert b (base 12) to base 2.
1011
Convert -2 (base 16) to base 15.
-2
Convert 105 (base 7) to base 14.
3c
What is -32 (base 11) in base 15?
-25
Convert -414 (base 8) to base 9.
-327
29 (base 16) to base 6
105
Convert 3 (base 7) to base 16.
3
1c (base 14) to base 2
11010
What is 4 (base 7) in base 15?
4
192 (base 11) to base 2
11011110
Convert 6 (base 15) to base 12.
6
-16 (base 9) to base 8
-17
Convert 5 (base 7) to base 9.
5
What is 3 (base 6) in base 5?
3
What is -357 (base 8) in base 11?
-1a8
What is 36 (base 7) in base 11?
25
33 (base 4) to base 15
10
-23 (base 11) to base 2
-11001
1420 (base 5) to base 15
10a
Convert -11000 (base 2) to base 10.
-24
-17 (base 13) to base 9
-22
Convert 2 (base 5) to base 13.
2
What is -a9 (base 12) in base 14?
-93
-111 (base 4) to base 8
-25
What is -2121 (base 3) in base 13?
-55
-14 (base 10) to base 14
-10
-2 (base 6) to base 14
-2
7 (base 12) to base 4
13
Convert 110 (base 4) to base 3.
202
What is 110 (base 2) in base 10?
6
72 (base 16) to base 8
162
Convert 0 (base 4) to base 7.
0
Convert 4 (base 5) to base 11.
4
-5 (base 8) to base 13
-5
Convert 12 (base 16) to base 2.
10010
0 (base 5) to base 11
0
Convert 12 (base 3) to base 9.
5
1 (base 12) to base 9
1
What is -4 (base 10) in base 9?
-4
What is 3 (base 10) in base 8?
3
7 (base 11) to base 12
7
Convert 1 (base 3) to base 10.
1
What is 24 (base 5) in base 2?
1110
What is 1 (base 9) in base 5?
1
Convert -10 (base 2) to base 16.
-2
What is 4 (base 7) in base 12?
4
What is -41 (base 12) in base 13?
-3a
What is 101110 (base 2) in base 13?
37
What is -1001111 (base 2) in base 4?
-1033
-2303 (base 4) to base 14
-cb
Convert 29 (base 12) to base 9.
36
Convert -50 (base 6) to base 10.
-30
0 (base 3) to base 14
0
Convert -12 (base 4) to base 2.
-110
200 (base 4) to base 12
28
What is 1 (base 9) in base 8?
1
0 (base 13) to base 3
0
-25 (base 8) to base 11
-1a
What is -3 (base 7) in base 5?
-3
What is 36 (base 7) in base 13?
21
2 (base 8) to base 5
2
-77 (base 9) to base 12
-5a
Convert -90 (base 12) to base 15.
-73
Convert 2213 (base 4) to base 5.
1132
What is a8 (base 14) in base 5?
1043
Convert -4 (base 6) to base 11.
-4
Convert 0 (base 3) to base 2.
0
b (base 14) to base 8
13
What is 11b (base 12) in base 5?
1132
-2d (base 14) to base 10
-41
What is 141 (base 7) in base 12?
66
-20 (base 3) to base 14
-6
Convert -11 (base 8) to base 9.
-10
7 (base 11) to base 5
12
Convert 4 (base 6) to base 14.
4
What is -4e (base 15) in base 14?
-54
Convert -11 (base 5) to base 9.
-6
What is 40 (base 11) in base 2?
101100
85 (base 14) to base 12
99
What is -100001 (base 2) in base 8?
-41
Convert -142 (base 5) to base 13.
-38
Convert 7 (base 13) to base 2.
111
Convert 9 (base 13) to base 6.
13
-1 (base 12) to base 7
-1
Convert -48 (base 15) to base 7.
-125
What is 100110 (base 2) in base 12?
32
-16 (base 12) to base 4
-102
What is 130 (base 8) in base 3?
10021
-53 (base 9) to base 8
-60
-1d (base 15) to base 13
-22
What is 52 (base 15) in base 5?
302
-2 (base 12) to base 10
-2
Convert 355 (base 8) to base 4.
3231
-33 (base 5